{"id":20,"date":"2024-05-18T11:02:00","date_gmt":"2024-05-18T14:02:00","guid":{"rendered":"https:\/\/ambf.com.br\/congresso\/?page_id=20"},"modified":"2025-07-22T10:27:08","modified_gmt":"2025-07-22T13:27:08","slug":"oficinas","status":"publish","type":"page","link":"https:\/\/ambf.com.br\/congresso\/?page_id=20","title":{"rendered":"OFICINAS"},"content":{"rendered":"\n<h1 class=\"wp-block-heading\">OFICINAS<\/h1>\n\n\n\n<h2 class=\"wp-block-heading\">Quais ser\u00e3o as oficinas e seus palestrantes?<\/h2>\n\n\n\n<div class=\"wp-block-media-text alignwide is-stacked-on-mobile has-black-color has-virtue-primary-light-background-color has-text-color has-background has-link-color wp-elements-57f5f8387bc0d6a2985c8c145883fd69\" style=\"grid-template-columns:15% auto\"><figure class=\"wp-block-media-text__media\"><img loading=\"lazy\" decoding=\"async\" width=\"626\" height=\"627\" src=\"https:\/\/ambf.com.br\/congresso\/wp-content\/uploads\/2025\/06\/01_compartilhamento.png\" alt=\"\" class=\"wp-image-1146 size-full\" srcset=\"https:\/\/ambf.com.br\/congresso\/wp-content\/uploads\/2025\/06\/01_compartilhamento.png 626w, https:\/\/ambf.com.br\/congresso\/wp-content\/uploads\/2025\/06\/01_compartilhamento-300x300.png 300w, https:\/\/ambf.com.br\/congresso\/wp-content\/uploads\/2025\/06\/01_compartilhamento-150x150.png 150w\" sizes=\"auto, (max-width: 626px) 100vw, 626px\" \/><\/figure><div class=\"wp-block-media-text__content\">\n<p class=\"has-black-color has-text-color has-link-color wp-elements-7a98d6450c22672f4055b2c70f542c44\"><strong>01 &#8211; COMPARTILHAMENTO <\/strong><br>(para Ministros de M\u00fasica e L\u00edderes)<br>MM \u00c9der Campos<\/p>\n<\/div><\/div>\n\n\n\n<div class=\"wp-block-media-text alignwide is-stacked-on-mobile has-black-color has-virtue-primary-light-background-color has-text-color has-background has-link-color wp-elements-e8b4d1961c4fb46a66657b44a92da5bb\" style=\"grid-template-columns:15% auto\"><figure class=\"wp-block-media-text__media\"><img loading=\"lazy\" decoding=\"async\" width=\"627\" height=\"627\" src=\"https:\/\/ambf.com.br\/congresso\/wp-content\/uploads\/2025\/06\/02_jessica_backing.png\" alt=\"\" class=\"wp-image-1148 size-full\" srcset=\"https:\/\/ambf.com.br\/congresso\/wp-content\/uploads\/2025\/06\/02_jessica_backing.png 627w, https:\/\/ambf.com.br\/congresso\/wp-content\/uploads\/2025\/06\/02_jessica_backing-300x300.png 300w, https:\/\/ambf.com.br\/congresso\/wp-content\/uploads\/2025\/06\/02_jessica_backing-150x150.png 150w\" sizes=\"auto, (max-width: 627px) 100vw, 627px\" \/><\/figure><div class=\"wp-block-media-text__content\">\n<p class=\"has-black-color has-text-color has-link-color wp-elements-2db1bada8300a904814afd90908bb8a3\"><strong>02 &#8211; <strong>BACKING VOCAL<\/strong><\/strong><br>J\u00e9ssica Gon\u00e7alves<\/p>\n<\/div><\/div>\n\n\n\n<div class=\"wp-block-media-text alignwide is-stacked-on-mobile has-black-color has-virtue-primary-light-background-color has-text-color has-background has-link-color wp-elements-fb4828f1975d95fc4fe89a02234525e5\" style=\"grid-template-columns:15% auto\"><figure class=\"wp-block-media-text__media\"><img loading=\"lazy\" decoding=\"async\" width=\"627\" height=\"627\" src=\"https:\/\/ambf.com.br\/congresso\/wp-content\/uploads\/2025\/06\/03_joao_big_band.png\" alt=\"\" class=\"wp-image-1150 size-full\" srcset=\"https:\/\/ambf.com.br\/congresso\/wp-content\/uploads\/2025\/06\/03_joao_big_band.png 627w, https:\/\/ambf.com.br\/congresso\/wp-content\/uploads\/2025\/06\/03_joao_big_band-300x300.png 300w, https:\/\/ambf.com.br\/congresso\/wp-content\/uploads\/2025\/06\/03_joao_big_band-150x150.png 150w\" sizes=\"auto, (max-width: 627px) 100vw, 627px\" \/><\/figure><div class=\"wp-block-media-text__content\">\n<p class=\"has-black-color has-text-color has-link-color wp-elements-472ace96beb126831ded8d07dbe65b4a\"><strong>03 &#8211; <strong>BIG BAND &#8211; (Obs. Levar Estante)<\/strong><\/strong><br>Jo\u00e3o Carlos<\/p>\n<\/div><\/div>\n\n\n\n<div class=\"wp-block-media-text alignwide is-stacked-on-mobile has-black-color has-virtue-primary-light-background-color has-text-color has-background has-link-color wp-elements-ca2a948313f6d99ec001739a056c7447\" style=\"grid-template-columns:15% auto\"><figure class=\"wp-block-media-text__media\"><img loading=\"lazy\" decoding=\"async\" width=\"627\" height=\"627\" src=\"https:\/\/ambf.com.br\/congresso\/wp-content\/uploads\/2025\/06\/04_keila_canto.png\" alt=\"\" class=\"wp-image-1152 size-full\" srcset=\"https:\/\/ambf.com.br\/congresso\/wp-content\/uploads\/2025\/06\/04_keila_canto.png 627w, https:\/\/ambf.com.br\/congresso\/wp-content\/uploads\/2025\/06\/04_keila_canto-300x300.png 300w, https:\/\/ambf.com.br\/congresso\/wp-content\/uploads\/2025\/06\/04_keila_canto-150x150.png 150w\" sizes=\"auto, (max-width: 627px) 100vw, 627px\" \/><\/figure><div class=\"wp-block-media-text__content\">\n<p class=\"has-black-color has-text-color has-link-color wp-elements-f186722ffdd579f8e2309b977a5f1c89\"><strong>04 -CANTO PARA INICIANTES<\/strong><br>Keila Gruvira<\/p>\n<\/div><\/div>\n\n\n\n<div class=\"wp-block-media-text alignwide is-stacked-on-mobile has-black-color has-virtue-primary-light-background-color has-text-color has-background has-link-color wp-elements-df420c4ee190c110a7d49eb8865a8404\" style=\"grid-template-columns:15% auto\"><figure class=\"wp-block-media-text__media\"><img loading=\"lazy\" decoding=\"async\" width=\"627\" height=\"627\" src=\"https:\/\/ambf.com.br\/congresso\/wp-content\/uploads\/2025\/06\/05_karla_canto.png\" alt=\"\" class=\"wp-image-1153 size-full\" srcset=\"https:\/\/ambf.com.br\/congresso\/wp-content\/uploads\/2025\/06\/05_karla_canto.png 627w, https:\/\/ambf.com.br\/congresso\/wp-content\/uploads\/2025\/06\/05_karla_canto-300x300.png 300w, https:\/\/ambf.com.br\/congresso\/wp-content\/uploads\/2025\/06\/05_karla_canto-150x150.png 150w\" sizes=\"auto, (max-width: 627px) 100vw, 627px\" \/><\/figure><div class=\"wp-block-media-text__content\">\n<p class=\"has-black-color has-text-color has-link-color wp-elements-aa86c5ecc6c647d2b1a25bec39ec99d0\"><strong>05 &#8211; CANTO PARA CORISTAS E SOLISTAS<\/strong><br>Karla Calistrato<\/p>\n<\/div><\/div>\n\n\n\n<div class=\"wp-block-media-text alignwide is-stacked-on-mobile has-black-color has-virtue-primary-light-background-color has-text-color has-background has-link-color wp-elements-20603cadc530ecaabfc82186ba3bfef1\" style=\"grid-template-columns:15% auto\"><figure class=\"wp-block-media-text__media\"><img loading=\"lazy\" decoding=\"async\" width=\"627\" height=\"627\" src=\"https:\/\/ambf.com.br\/congresso\/wp-content\/uploads\/2025\/06\/06_gilmar_edicao.png\" alt=\"\" class=\"wp-image-1155 size-full\" srcset=\"https:\/\/ambf.com.br\/congresso\/wp-content\/uploads\/2025\/06\/06_gilmar_edicao.png 627w, https:\/\/ambf.com.br\/congresso\/wp-content\/uploads\/2025\/06\/06_gilmar_edicao-300x300.png 300w, https:\/\/ambf.com.br\/congresso\/wp-content\/uploads\/2025\/06\/06_gilmar_edicao-150x150.png 150w\" sizes=\"auto, (max-width: 627px) 100vw, 627px\" \/><\/figure><div class=\"wp-block-media-text__content\">\n<p class=\"has-black-color has-text-color has-link-color wp-elements-3cb61d9b4d393b3a2b3ac68d59e92681\"><strong>06 &#8211; EDI\u00c7\u00c3O DE PARTITURAS <\/strong><br>Gilmar Pinheiro<\/p>\n<\/div><\/div>\n\n\n\n<div class=\"wp-block-media-text alignwide is-stacked-on-mobile has-black-color has-virtue-primary-light-background-color has-text-color has-background has-link-color wp-elements-365d66f689851685c578de0ef25f02a9\" style=\"grid-template-columns:15% auto\"><figure class=\"wp-block-media-text__media\"><img loading=\"lazy\" decoding=\"async\" width=\"627\" height=\"627\" src=\"https:\/\/ambf.com.br\/congresso\/wp-content\/uploads\/2025\/06\/07_josinei_gestao.png\" alt=\"\" class=\"wp-image-1157 size-full\" srcset=\"https:\/\/ambf.com.br\/congresso\/wp-content\/uploads\/2025\/06\/07_josinei_gestao.png 627w, https:\/\/ambf.com.br\/congresso\/wp-content\/uploads\/2025\/06\/07_josinei_gestao-300x300.png 300w, https:\/\/ambf.com.br\/congresso\/wp-content\/uploads\/2025\/06\/07_josinei_gestao-150x150.png 150w\" sizes=\"auto, (max-width: 627px) 100vw, 627px\" \/><\/figure><div class=\"wp-block-media-text__content\">\n<p class=\"has-black-color has-virtue-primary-light-background-color has-text-color has-background has-link-color wp-elements-099ff0fa691fbe32850889cf4f3f237a\"><strong>07 &#8211; GEST\u00c3O MINISTERIAL<\/strong><br>Josinei Silv\u00e9rio<\/p>\n<\/div><\/div>\n\n\n\n<div class=\"wp-block-media-text alignwide is-stacked-on-mobile has-black-color has-virtue-primary-light-background-color has-text-color has-background has-link-color wp-elements-3b099dab897354a7a6eb561f5b87eec0\" style=\"grid-template-columns:15% auto\"><figure class=\"wp-block-media-text__media\"><img loading=\"lazy\" decoding=\"async\" width=\"627\" height=\"627\" src=\"https:\/\/ambf.com.br\/congresso\/wp-content\/uploads\/2025\/06\/08_mariane_culto.png\" alt=\"\" class=\"wp-image-1158 size-full\" srcset=\"https:\/\/ambf.com.br\/congresso\/wp-content\/uploads\/2025\/06\/08_mariane_culto.png 627w, https:\/\/ambf.com.br\/congresso\/wp-content\/uploads\/2025\/06\/08_mariane_culto-300x300.png 300w, https:\/\/ambf.com.br\/congresso\/wp-content\/uploads\/2025\/06\/08_mariane_culto-150x150.png 150w\" sizes=\"auto, (max-width: 627px) 100vw, 627px\" \/><\/figure><div class=\"wp-block-media-text__content\">\n<p class=\"has-black-color has-text-color has-link-color wp-elements-2c9ba481bf56558ac5e6bad2ff1fa434\"><strong>08 &#8211; M\u00daSICA NO CULTO<\/strong><br>(Princ\u00edpios B\u00edblicos para escolha de repert\u00f3rio)<br>Mariane Godoi<\/p>\n<\/div><\/div>\n\n\n\n<div class=\"wp-block-media-text alignwide is-stacked-on-mobile has-black-color has-virtue-primary-light-background-color has-text-color has-background has-link-color wp-elements-691ad12b944c6bfbae77d0fba12155cf\" style=\"grid-template-columns:15% auto\"><figure class=\"wp-block-media-text__media\"><img loading=\"lazy\" decoding=\"async\" width=\"627\" height=\"627\" src=\"https:\/\/ambf.com.br\/congresso\/wp-content\/uploads\/2025\/06\/09_lilian_musicalizacao.png\" alt=\"\" class=\"wp-image-1159 size-full\" srcset=\"https:\/\/ambf.com.br\/congresso\/wp-content\/uploads\/2025\/06\/09_lilian_musicalizacao.png 627w, https:\/\/ambf.com.br\/congresso\/wp-content\/uploads\/2025\/06\/09_lilian_musicalizacao-300x300.png 300w, https:\/\/ambf.com.br\/congresso\/wp-content\/uploads\/2025\/06\/09_lilian_musicalizacao-150x150.png 150w\" sizes=\"auto, (max-width: 627px) 100vw, 627px\" \/><\/figure><div class=\"wp-block-media-text__content\">\n<p class=\"has-black-color has-text-color has-link-color wp-elements-77d6947fa292d4fa496859de12b6f081\"><strong>09 &#8211; MUSICALIZA\u00c7\u00c3O INFANTIL<\/strong><br>Lilian Monteiro<\/p>\n<\/div><\/div>\n\n\n\n<div class=\"wp-block-media-text alignwide is-stacked-on-mobile has-black-color has-virtue-primary-light-background-color has-text-color has-background has-link-color wp-elements-4d1a4fa3f96d3c1fd0b0a22df0c27f9f\" style=\"grid-template-columns:15% auto\"><figure class=\"wp-block-media-text__media\"><img loading=\"lazy\" decoding=\"async\" width=\"627\" height=\"627\" src=\"https:\/\/ambf.com.br\/congresso\/wp-content\/uploads\/2025\/06\/10_renata_terceira_idade.png\" alt=\"\" class=\"wp-image-1160 size-full\" srcset=\"https:\/\/ambf.com.br\/congresso\/wp-content\/uploads\/2025\/06\/10_renata_terceira_idade.png 627w, https:\/\/ambf.com.br\/congresso\/wp-content\/uploads\/2025\/06\/10_renata_terceira_idade-300x300.png 300w, https:\/\/ambf.com.br\/congresso\/wp-content\/uploads\/2025\/06\/10_renata_terceira_idade-150x150.png 150w\" sizes=\"auto, (max-width: 627px) 100vw, 627px\" \/><\/figure><div class=\"wp-block-media-text__content\">\n<p class=\"has-black-color has-virtue-primary-light-background-color has-text-color has-background has-link-color wp-elements-8543a08b441f979fc30981b4b7cb5dfd\"><strong>10 &#8211; MUSICALIZA\u00c7\u00c3O PARA TERCEIRA IDADE<\/strong> <br>(Din\u00e2mica de ensaio e preparo da voz)<br>Renata Machado<\/p>\n<\/div><\/div>\n\n\n\n<div class=\"wp-block-media-text alignwide is-stacked-on-mobile has-black-color has-virtue-primary-light-background-color has-text-color has-background has-link-color wp-elements-2a5f45529f10647f0893afd4b2d26f33\" style=\"grid-template-columns:15% auto\"><figure class=\"wp-block-media-text__media\"><img loading=\"lazy\" decoding=\"async\" width=\"627\" height=\"627\" src=\"https:\/\/ambf.com.br\/congresso\/wp-content\/uploads\/2025\/06\/11_aline_louvor.png\" alt=\"\" class=\"wp-image-1161 size-full\" srcset=\"https:\/\/ambf.com.br\/congresso\/wp-content\/uploads\/2025\/06\/11_aline_louvor.png 627w, https:\/\/ambf.com.br\/congresso\/wp-content\/uploads\/2025\/06\/11_aline_louvor-300x300.png 300w, https:\/\/ambf.com.br\/congresso\/wp-content\/uploads\/2025\/06\/11_aline_louvor-150x150.png 150w\" sizes=\"auto, (max-width: 627px) 100vw, 627px\" \/><\/figure><div class=\"wp-block-media-text__content\">\n<p class=\"has-black-color has-text-color has-link-color wp-elements-dbf7628ecaa30b21ec3b2496aec787fb\"><strong>11 &#8211; MINISTRA\u00c7\u00c1O DE LOUVOR<\/strong><br>Aline Basilio<\/p>\n<\/div><\/div>\n\n\n\n<div class=\"wp-block-media-text alignwide is-stacked-on-mobile has-black-color has-virtue-primary-light-background-color has-text-color has-background has-link-color wp-elements-9b3cb3882c914441bde0be759f48207e\" style=\"grid-template-columns:15% auto\"><figure class=\"wp-block-media-text__media\"><img loading=\"lazy\" decoding=\"async\" width=\"627\" height=\"635\" src=\"https:\/\/ambf.com.br\/congresso\/wp-content\/uploads\/2025\/06\/12_igor_rodrigo_multimidia.png\" alt=\"\" class=\"wp-image-1162 size-full\" srcset=\"https:\/\/ambf.com.br\/congresso\/wp-content\/uploads\/2025\/06\/12_igor_rodrigo_multimidia.png 627w, https:\/\/ambf.com.br\/congresso\/wp-content\/uploads\/2025\/06\/12_igor_rodrigo_multimidia-296x300.png 296w\" sizes=\"auto, (max-width: 627px) 100vw, 627px\" \/><\/figure><div class=\"wp-block-media-text__content\">\n<p class=\"has-black-color has-virtue-primary-light-background-color has-text-color has-background has-link-color wp-elements-1652f87bdb230b15d0e8f5d07df29239\"><strong>12 &#8211; MULTIM\u00cdDIA NA IGREJA <\/strong><br>Rodrigo Zambrotti e Ighor Lengruber<\/p>\n<\/div><\/div>\n\n\n\n<div class=\"wp-block-media-text alignwide is-stacked-on-mobile has-black-color has-virtue-primary-light-background-color has-text-color has-background has-link-color wp-elements-4ff7b65717ca12d54878034cc5b81a11\" style=\"grid-template-columns:15% auto\"><figure class=\"wp-block-media-text__media\"><img loading=\"lazy\" decoding=\"async\" width=\"627\" height=\"627\" src=\"https:\/\/ambf.com.br\/congresso\/wp-content\/uploads\/2025\/06\/13_vinicius_multrracks.png\" alt=\"\" class=\"wp-image-1163 size-full\" srcset=\"https:\/\/ambf.com.br\/congresso\/wp-content\/uploads\/2025\/06\/13_vinicius_multrracks.png 627w, https:\/\/ambf.com.br\/congresso\/wp-content\/uploads\/2025\/06\/13_vinicius_multrracks-300x300.png 300w, https:\/\/ambf.com.br\/congresso\/wp-content\/uploads\/2025\/06\/13_vinicius_multrracks-150x150.png 150w\" sizes=\"auto, (max-width: 627px) 100vw, 627px\" \/><\/figure><div class=\"wp-block-media-text__content\">\n<p class=\"has-black-color has-text-color has-link-color wp-elements-8ffdc929251ee04aa6b69946cd08246e\"><strong>13 &#8211; MULTITRACKS OU VIRTUAL SOUND <\/strong><br>(Recursos para o Minist\u00e9rio de M\u00fasica alcan\u00e7ar um som mais completo e profissional)<br>Vinicius Garcia<\/p>\n<\/div><\/div>\n\n\n\n<div class=\"wp-block-media-text alignwide is-stacked-on-mobile has-black-color has-virtue-primary-light-background-color has-text-color has-background has-link-color wp-elements-36930ad4c724b2dcfdfd68ea6829fadf\" style=\"grid-template-columns:15% auto\"><figure class=\"wp-block-media-text__media\"><img loading=\"lazy\" decoding=\"async\" width=\"627\" height=\"627\" src=\"https:\/\/ambf.com.br\/congresso\/wp-content\/uploads\/2025\/06\/14_pratica_banda.png\" alt=\"\" class=\"wp-image-1164 size-full\" srcset=\"https:\/\/ambf.com.br\/congresso\/wp-content\/uploads\/2025\/06\/14_pratica_banda.png 627w, https:\/\/ambf.com.br\/congresso\/wp-content\/uploads\/2025\/06\/14_pratica_banda-300x300.png 300w, https:\/\/ambf.com.br\/congresso\/wp-content\/uploads\/2025\/06\/14_pratica_banda-150x150.png 150w\" sizes=\"auto, (max-width: 627px) 100vw, 627px\" \/><\/figure><div class=\"wp-block-media-text__content\">\n<p class=\"has-black-color has-text-color has-link-color wp-elements-1f9d935f6663b37d2413b60c52cf1b21\"><strong>14 &#8211; PR\u00c1TICA DE BANDA<\/strong><br>Jorge Baiense (Bateria), Ronaldo Junior (Teclado), Marino Campelo (Contrabaixo), Ramon Chrystian (Guitarra)<\/p>\n<\/div><\/div>\n\n\n\n<div class=\"wp-block-media-text alignwide is-stacked-on-mobile has-black-color has-virtue-primary-light-background-color has-text-color has-background has-link-color wp-elements-99cbb70d16f3de77a0f427689a59fb7e\" style=\"grid-template-columns:15% auto\"><figure class=\"wp-block-media-text__media\"><img loading=\"lazy\" decoding=\"async\" width=\"627\" height=\"627\" src=\"https:\/\/ambf.com.br\/congresso\/wp-content\/uploads\/2025\/06\/15_julio_regencia.png\" alt=\"\" class=\"wp-image-1165 size-full\" srcset=\"https:\/\/ambf.com.br\/congresso\/wp-content\/uploads\/2025\/06\/15_julio_regencia.png 627w, https:\/\/ambf.com.br\/congresso\/wp-content\/uploads\/2025\/06\/15_julio_regencia-300x300.png 300w, https:\/\/ambf.com.br\/congresso\/wp-content\/uploads\/2025\/06\/15_julio_regencia-150x150.png 150w\" sizes=\"auto, (max-width: 627px) 100vw, 627px\" \/><\/figure><div class=\"wp-block-media-text__content\">\n<p class=\"has-black-color has-text-color has-link-color wp-elements-5cf0eb06473f45d65b13a9fb4d9cccf5\"><strong>15 &#8211; REG\u00caNCIA CORAL<\/strong><br>(Din\u00e2mica de ensaios, Gestual de reg\u00eancia e Discipulando o coro)<br>J\u00falio Filpo<\/p>\n<\/div><\/div>\n\n\n\n<div class=\"wp-block-media-text alignwide is-stacked-on-mobile has-black-color has-virtue-primary-light-background-color has-text-color has-background has-link-color wp-elements-a5b7d90414125fe8a63e864626b147ec\" style=\"grid-template-columns:15% auto\"><figure class=\"wp-block-media-text__media\"><img loading=\"lazy\" decoding=\"async\" width=\"627\" height=\"627\" src=\"https:\/\/ambf.com.br\/congresso\/wp-content\/uploads\/2025\/06\/16_miguel_sonorizacao.png\" alt=\"\" class=\"wp-image-1166 size-full\" srcset=\"https:\/\/ambf.com.br\/congresso\/wp-content\/uploads\/2025\/06\/16_miguel_sonorizacao.png 627w, https:\/\/ambf.com.br\/congresso\/wp-content\/uploads\/2025\/06\/16_miguel_sonorizacao-300x300.png 300w, https:\/\/ambf.com.br\/congresso\/wp-content\/uploads\/2025\/06\/16_miguel_sonorizacao-150x150.png 150w\" sizes=\"auto, (max-width: 627px) 100vw, 627px\" \/><\/figure><div class=\"wp-block-media-text__content\">\n<p class=\"has-black-color has-text-color has-link-color wp-elements-843949f85dd7b232db8240bab051b723\"><strong>16 &#8211; SONORIZA\u00c7\u00c3O<\/strong><br>(Do som at\u00e9 a mixagem)<br>Miguel Anacleto<\/p>\n<\/div><\/div>\n\n\n\n<div class=\"wp-block-media-text alignwide is-stacked-on-mobile has-black-color has-virtue-primary-light-background-color has-text-color has-background has-link-color wp-elements-1108c4557e089c3692a85f6dd2589786\" style=\"grid-template-columns:15% auto\"><figure class=\"wp-block-media-text__media\"><img loading=\"lazy\" decoding=\"async\" width=\"627\" height=\"627\" src=\"https:\/\/ambf.com.br\/congresso\/wp-content\/uploads\/2025\/06\/17_violino_joel_debora.png\" alt=\"\" class=\"wp-image-1167 size-full\" srcset=\"https:\/\/ambf.com.br\/congresso\/wp-content\/uploads\/2025\/06\/17_violino_joel_debora.png 627w, https:\/\/ambf.com.br\/congresso\/wp-content\/uploads\/2025\/06\/17_violino_joel_debora-300x300.png 300w, https:\/\/ambf.com.br\/congresso\/wp-content\/uploads\/2025\/06\/17_violino_joel_debora-150x150.png 150w\" sizes=\"auto, (max-width: 627px) 100vw, 627px\" \/><\/figure><div class=\"wp-block-media-text__content\">\n<p class=\"has-black-color has-text-color has-link-color wp-elements-c4d5cb8417f90eb762892c4f70e1cac6\"><strong>17 &#8211; VIOLINO\/VIOLA<\/strong><br>Joel Pereira e D\u00e9bora Pereira<\/p>\n<\/div><\/div>\n\n\n\n<p class=\"has-very-light-gray-background-color has-background\"><strong><a href=\"https:\/\/ambf.com.br\/congresso\/?page_id=219\" data-type=\"page\" data-id=\"219\">J\u00c1 FEZ SUA INSCRI\u00c7\u00c3O? CLIQUE E FA\u00c7A AGORA<\/a><\/strong><\/p>\n\n\n\n<p><\/p>\n","protected":false},"excerpt":{"rendered":"<p>OFICINAS Quais ser\u00e3o as oficinas e seus palestrantes? 01 &#8211; COMPARTILHAMENTO (para Ministros de M\u00fasica e L\u00edderes)MM \u00c9der Campos 02 &#8211; BACKING VOCALJ\u00e9ssica Gon\u00e7alves 03 &#8211; BIG BAND &#8211; (Obs. Levar Estante)Jo\u00e3o Carlos 04 -CANTO PARA INICIANTESKeila Gruvira 05 &#8211; &hellip; <a href=\"https:\/\/ambf.com.br\/congresso\/?page_id=20\">Conte\u00fado<\/a><\/p>\n","protected":false},"author":1,"featured_media":0,"parent":0,"menu_order":0,"comment_status":"open","ping_status":"closed","template":"","meta":{"kt_blocks_editor_width":"","footnotes":""},"class_list":["post-20","page","type-page","status-publish","hentry"],"_links":{"self":[{"href":"https:\/\/ambf.com.br\/congresso\/index.php?rest_route=\/wp\/v2\/pages\/20","targetHints":{"allow":["GET"]}}],"collection":[{"href":"https:\/\/ambf.com.br\/congresso\/index.php?rest_route=\/wp\/v2\/pages"}],"about":[{"href":"https:\/\/ambf.com.br\/congresso\/index.php?rest_route=\/wp\/v2\/types\/page"}],"author":[{"embeddable":true,"href":"https:\/\/ambf.com.br\/congresso\/index.php?rest_route=\/wp\/v2\/users\/1"}],"replies":[{"embeddable":true,"href":"https:\/\/ambf.com.br\/congresso\/index.php?rest_route=%2Fwp%2Fv2%2Fcomments&post=20"}],"version-history":[{"count":26,"href":"https:\/\/ambf.com.br\/congresso\/index.php?rest_route=\/wp\/v2\/pages\/20\/revisions"}],"predecessor-version":[{"id":1299,"href":"https:\/\/ambf.com.br\/congresso\/index.php?rest_route=\/wp\/v2\/pages\/20\/revisions\/1299"}],"wp:attachment":[{"href":"https:\/\/ambf.com.br\/congresso\/index.php?rest_route=%2Fwp%2Fv2%2Fmedia&parent=20"}],"curies":[{"name":"wp","href":"https:\/\/api.w.org\/{rel}","templated":true}]}}