{"id":49,"date":"2024-05-18T15:38:00","date_gmt":"2024-05-18T18:38:00","guid":{"rendered":"https:\/\/ambf.com.br\/congresso\/?page_id=49"},"modified":"2025-06-10T17:41:52","modified_gmt":"2025-06-10T20:41:52","slug":"como-chegar","status":"publish","type":"page","link":"https:\/\/ambf.com.br\/congresso\/?page_id=49","title":{"rendered":"COMO CHEGAR"},"content":{"rendered":"\n<p class=\"has-large-font-size\"><strong>COMO CHEGAR<\/strong><\/p>\n\n\n\n<p class=\"has-very-light-gray-background-color has-background\">Veja aqui no mapa como chegar em nosso 43\u00ba Congresso da AMBF<\/p>\n\n\n\n<iframe src=\"https:\/\/www.google.com\/maps\/embed?pb=!1m18!1m12!1m3!1d3676.1903242744006!2d-42.33696139017032!3d-22.869426679195016!2m3!1f0!2f0!3f0!3m2!1i1024!2i768!4f13.1!3m3!1m2!1s0x976947fb1e7773%3A0xbaedb2e6773f8e6e!2sPrimeira%20Igreja%20Batista%20em%20Araruama%20-%20PIBA!5e0!3m2!1spt-BR!2sbr!4v1749587973716!5m2!1spt-BR!2sbr\" width=\"600\" height=\"450\" style=\"border:0;\" allowfullscreen=\"\" loading=\"lazy\" referrerpolicy=\"no-referrer-when-downgrade\"><\/iframe>\n\n\n\n<p class=\"has-very-light-gray-background-color has-background\"><strong><a href=\"https:\/\/ambf.com.br\/congresso\/?page_id=219\" data-type=\"page\" data-id=\"219\">N\u00c3O PERCA TEMPO! CLIQUE AQUI E FA\u00c7A J\u00c1 SUA INSCRI\u00c7\u00c3O!<\/a><\/strong><\/p>\n","protected":false},"excerpt":{"rendered":"<p>COMO CHEGAR Veja aqui no mapa como chegar em nosso 43\u00ba Congresso da AMBF N\u00c3O PERCA TEMPO! CLIQUE AQUI E FA\u00c7A J\u00c1 SUA INSCRI\u00c7\u00c3O!<\/p>\n","protected":false},"author":1,"featured_media":0,"parent":0,"menu_order":0,"comment_status":"open","ping_status":"closed","template":"page-fullwidth.php","meta":{"kt_blocks_editor_width":"","footnotes":""},"class_list":["post-49","page","type-page","status-publish","hentry"],"_links":{"self":[{"href":"https:\/\/ambf.com.br\/congresso\/index.php?rest_route=\/wp\/v2\/pages\/49","targetHints":{"allow":["GET"]}}],"collection":[{"href":"https:\/\/ambf.com.br\/congresso\/index.php?rest_route=\/wp\/v2\/pages"}],"about":[{"href":"https:\/\/ambf.com.br\/congresso\/index.php?rest_route=\/wp\/v2\/types\/page"}],"author":[{"embeddable":true,"href":"https:\/\/ambf.com.br\/congresso\/index.php?rest_route=\/wp\/v2\/users\/1"}],"replies":[{"embeddable":true,"href":"https:\/\/ambf.com.br\/congresso\/index.php?rest_route=%2Fwp%2Fv2%2Fcomments&post=49"}],"version-history":[{"count":15,"href":"https:\/\/ambf.com.br\/congresso\/index.php?rest_route=\/wp\/v2\/pages\/49\/revisions"}],"predecessor-version":[{"id":1220,"href":"https:\/\/ambf.com.br\/congresso\/index.php?rest_route=\/wp\/v2\/pages\/49\/revisions\/1220"}],"wp:attachment":[{"href":"https:\/\/ambf.com.br\/congresso\/index.php?rest_route=%2Fwp%2Fv2%2Fmedia&parent=49"}],"curies":[{"name":"wp","href":"https:\/\/api.w.org\/{rel}","templated":true}]}}