{"id":54,"date":"2024-05-18T15:39:00","date_gmt":"2024-05-18T18:39:00","guid":{"rendered":"https:\/\/ambf.com.br\/congresso\/?page_id=54"},"modified":"2025-06-10T17:45:46","modified_gmt":"2025-06-10T20:45:46","slug":"investimento","status":"publish","type":"page","link":"https:\/\/ambf.com.br\/congresso\/?page_id=54","title":{"rendered":"VALOR"},"content":{"rendered":"\n<h1 class=\"wp-block-heading\">VALOR<\/h1>\n\n\n\n<h2 class=\"wp-block-heading\">Qual investimento e como pagar?<\/h2>\n\n\n\n<p class=\"has-midnight-gradient-background has-background\"><strong>Para participar de nosso congresso, veja aqui quais as datas e os valores correspondentes:<\/strong><\/p>\n\n\n\n<figure class=\"wp-block-table is-style-stripes\"><table class=\"has-pale-ocean-gradient-background has-background\"><tbody><tr><td>A <\/td><td>At\u00e9 31 de julho<\/td><td>R$ 300,00<\/td><td>Inscri\u00e7\u00e3o<\/td><\/tr><tr><td>B<\/td><td>At\u00e9 31 de junho<\/td><td>R$ 400,00<\/td><td>Inscri\u00e7\u00e3o, Hospedagem e Alimenta\u00e7\u00e3o<\/td><\/tr><tr><td>C<\/td><td>At\u00e9 31 de agosto<\/td><td>R$ 340,00<\/td><td>Inscri\u00e7\u00e3o<\/td><\/tr><tr><td>D<\/td><td>At\u00e9 31 de agosto<\/td><td>R$ 440,00<\/td><td>Inscri\u00e7\u00e3o, Hospedagem e Alimenta\u00e7\u00e3o<\/td><\/tr><tr><td>E<\/td><td>At\u00e9 30 de setembro<\/td><td>R$ 380,00<\/td><td>Inscri\u00e7\u00e3o<\/td><\/tr><tr><td>F<\/td><td>At\u00e9 30 de setembro<\/td><td>R$ 480,00<\/td><td>Inscri\u00e7\u00e3o, Hospedagem e Alimenta\u00e7\u00e3o<\/td><\/tr><tr><td>G<\/td><td>A partir de 1\u00ba de outubro <br>(Se houver vagas)<\/td><td>R$ 400,00<\/td><td>Inscri\u00e7\u00e3o<\/td><\/tr><tr><td>H<\/td><td>A partir de 1\u00ba de outubro <br>(Se houver vagas)<\/td><td>R$ 500,00<\/td><td>Inscri\u00e7\u00e3o, Hospedagem e Alimenta\u00e7\u00e3o<\/td><\/tr><\/tbody><\/table><\/figure>\n\n\n\n<p class=\"has-midnight-gradient-background has-background\"><strong>Fa\u00e7a o pagamento, atrav\u00e9s de:<\/strong> <\/p>\n\n\n\n<p class=\"has-very-light-gray-background-color has-background\"><strong>DEP\u00d3SITO<\/strong><br>Banco Bradesco<br>Conta n\u00ba 142.684-2 &#8211; Ag\u00eancia 3086-4 <br>Em nome de: Associa\u00e7\u00e3o dos M\u00fasicos Batistas Fluminenses<\/p>\n\n\n\n<p class=\"has-very-light-gray-background-color has-background\"><strong>OU TRANSFER\u00caNCIA POR PIX<\/strong><br>Chave: CNPJ: 04.611.704\/0001-51<\/p>\n\n\n\n<p class=\"has-very-light-gray-background-color has-background\"><br><strong>Envie o comprovante ao preencher sua ficha de inscri\u00e7\u00e3o por:<\/strong><\/p>\n\n\n\n<p class=\"has-very-light-gray-background-color has-background\">Email: contato@ambf.com.br<br>ou Whatsapp: MM Altiene Flores &#8211; 21.99250-5833<\/p>\n\n\n\n<p class=\"has-very-light-gray-background-color has-background\"><strong>D\u00daVIDAS, INFORMA\u00c7\u00d5ES E CONTATOS<\/strong><br>(22)2210-9030\/(21)99250-5833 &#8211; zap<br>Falar com MM Altiene<\/p>\n\n\n\n<p class=\"has-midnight-gradient-background has-background\"><a href=\"https:\/\/ambf.com.br\/congresso\/?page_id=219\" data-type=\"page\" data-id=\"219\"><strong>CLIQUE AQUI E FA\u00c7A SUA INSCRI\u00c7\u00c3O<\/strong><\/a><\/p>\n","protected":false},"excerpt":{"rendered":"<p>VALOR Qual investimento e como pagar? Para participar de nosso congresso, veja aqui quais as datas e os valores correspondentes: A At\u00e9 31 de julho R$ 300,00 Inscri\u00e7\u00e3o B At\u00e9 31 de junho R$ 400,00 Inscri\u00e7\u00e3o, Hospedagem e Alimenta\u00e7\u00e3o C &hellip; <a href=\"https:\/\/ambf.com.br\/congresso\/?page_id=54\">Conte\u00fado<\/a><\/p>\n","protected":false},"author":1,"featured_media":0,"parent":0,"menu_order":0,"comment_status":"open","ping_status":"closed","template":"","meta":{"kt_blocks_editor_width":"","footnotes":""},"class_list":["post-54","page","type-page","status-publish","hentry"],"_links":{"self":[{"href":"https:\/\/ambf.com.br\/congresso\/index.php?rest_route=\/wp\/v2\/pages\/54","targetHints":{"allow":["GET"]}}],"collection":[{"href":"https:\/\/ambf.com.br\/congresso\/index.php?rest_route=\/wp\/v2\/pages"}],"about":[{"href":"https:\/\/ambf.com.br\/congresso\/index.php?rest_route=\/wp\/v2\/types\/page"}],"author":[{"embeddable":true,"href":"https:\/\/ambf.com.br\/congresso\/index.php?rest_route=\/wp\/v2\/users\/1"}],"replies":[{"embeddable":true,"href":"https:\/\/ambf.com.br\/congresso\/index.php?rest_route=%2Fwp%2Fv2%2Fcomments&post=54"}],"version-history":[{"count":12,"href":"https:\/\/ambf.com.br\/congresso\/index.php?rest_route=\/wp\/v2\/pages\/54\/revisions"}],"predecessor-version":[{"id":1222,"href":"https:\/\/ambf.com.br\/congresso\/index.php?rest_route=\/wp\/v2\/pages\/54\/revisions\/1222"}],"wp:attachment":[{"href":"https:\/\/ambf.com.br\/congresso\/index.php?rest_route=%2Fwp%2Fv2%2Fmedia&parent=54"}],"curies":[{"name":"wp","href":"https:\/\/api.w.org\/{rel}","templated":true}]}}