{"id":62,"date":"2024-05-18T15:44:00","date_gmt":"2024-05-18T18:44:00","guid":{"rendered":"https:\/\/ambf.com.br\/congresso\/?page_id=62"},"modified":"2025-06-17T17:15:30","modified_gmt":"2025-06-17T20:15:30","slug":"programacao","status":"publish","type":"page","link":"https:\/\/ambf.com.br\/congresso\/?page_id=62","title":{"rendered":"PROGRAMA\u00c7\u00c3O"},"content":{"rendered":"\n<h1 class=\"wp-block-heading\">PROGRAMA\u00c7\u00c3O<\/h1>\n\n\n\n<h2 class=\"wp-block-heading\">Fique por dentro de tudo que vai acontecer em nosso 43\u00ba Congresso<\/h2>\n\n\n\n<p class=\"has-very-light-gray-background-color has-background\"><strong>Dia 03 &#8211; Sexta-feira<\/strong><br>14h &#8211; Devocional<br>14h30min &#8211; Oficinas<br>16h &#8211; Ensaio do Coro<br>18h &#8211; Banho\/Jantar<br>19h &#8211; Devocional<br>19h30min &#8211; Recital<br>21h &#8211; Ensaio do Coro<\/p>\n\n\n\n<p class=\"has-very-light-gray-background-color has-background\"><strong>Dia 04 &#8211; S\u00e1bado<\/strong><br>08h &#8211; Devocional<br>0820 &#8211; Palestra<br>09h &#8211; Oficinas<br>10h30min &#8211; Ensaio do Coro<br>12h &#8211; Almo\u00e7o<br>14h &#8211; Devocional<br>14h20 &#8211; Palestra<br>14h40 &#8211; Oficinas<br>16h10 &#8211; Ensaio do Coro<br>18h &#8211; Banho\/Jantar<br>19h &#8211; Devocional<br>19h20 &#8211; Musical (Coro\/Orquestra)<br>21h &#8211; Ensaio do Coro<\/p>\n\n\n\n<p class=\"has-very-light-gray-background-color has-background\"><strong>Dia 29 &#8211; Domingo<\/strong><br>8h &#8211; Ensaio Geral<br>10h &#8211; Culto de Encerramento<br>12h &#8211; Almo\u00e7o<\/p>\n\n\n\n<p class=\"has-very-light-gray-background-color has-background has-medium-font-size\"><strong>\u26a0\ufe0f Aten\u00e7\u00e3o, Congressista!<br>Fique atento aos hor\u00e1rios para que sua participa\u00e7\u00e3o n\u00e3o cause atrasos na programa\u00e7\u00e3o. Confira abaixo as informa\u00e7\u00f5es essenciais:<\/strong><\/p>\n\n\n\n<p class=\"has-very-light-gray-background-color has-background\"><strong>Hospedagem<\/strong><br>Todos os congressistas ficar\u00e3o hospedados em pousadas ou hot\u00e9is na cidade de Araruama.<br><strong>N\u00e3o \u00e9 necess\u00e1rio levar roupa de cama e banho.<\/strong><\/p>\n\n\n\n<p class=\"has-very-light-gray-background-color has-background\"><br><strong>Sexta-feira<\/strong><br>. Chegada e in\u00edcio da programa\u00e7\u00e3o \u00e0s <strong>14h<\/strong>, na <strong>Primeira Igreja Batista de Araruama (PIB em Araruama).<\/strong><br>. Ap\u00f3s o ensaio, os \u00f4nibus levar\u00e3o todos de volta \u00e0s hospedagens para guardar suas bagagens e se prepararem para o jantar.<br>. <strong>Jantar<\/strong> e programa\u00e7\u00e3o da noite acontecer\u00e3o na PIB em Araruama.<br>. Ap\u00f3s a programa\u00e7\u00e3o e ensaios, os \u00f4nibus retornar\u00e3o \u00e0s hospedagens.<\/p>\n\n\n\n<p class=\"has-very-light-gray-background-color has-background\"><strong>S\u00e1bado<\/strong><br>. <strong>Caf\u00e9 da manh\u00e3<\/strong> ser\u00e1 servido nas hospedagens.<br>. Em seguida, os \u00f4nibus levar\u00e3o os congressistas para a PIB em Araruama.<br>.<strong> Almo\u00e7o<\/strong> ser\u00e1 servido na Igreja.<br>. Ap\u00f3s os ensaios da tarde, retorno \u00e0s hospedagens para prepara\u00e7\u00e3o para o jantar e programa\u00e7\u00e3o noturna.<br>. O <strong>jantar<\/strong> ser\u00e1 novamente na PIB em Araruama.<br>. Ap\u00f3s a programa\u00e7\u00e3o e ensaios, os \u00f4nibus retornar\u00e3o \u00e0s hospedagens.<\/p>\n\n\n\n<p class=\"has-very-light-gray-background-color has-background\"><strong>Domingo<\/strong><br>. <strong>Caf\u00e9 da manh\u00e3<\/strong> nas hospedagens.<br>\u26a0\ufe0f <strong>Importante:<\/strong> Prepare sua bagagem antes do <strong>caf\u00e9 da manh\u00e3.<\/strong><br>. Ap\u00f3s o caf\u00e9, os \u00f4nibus levar\u00e3o todos para a PIB Araruama sem retorno \u00e0s hospedagens.<br>. Ap\u00f3s o <strong>Culto de Encerramento<\/strong>, ser\u00e1 servido o <strong>almo\u00e7o na PIB Araruama.<\/strong><\/p>\n\n\n\n<p class=\"has-midnight-gradient-background has-background\"><strong><a href=\"https:\/\/ambf.com.br\/congresso\/?page_id=219\" data-type=\"page\" data-id=\"219\">FA\u00c7A J\u00c1 SUA INSCRI\u00c7\u00c3O. N\u00c3O PERCA TEMPO!<\/a><\/strong><\/p>\n\n\n\n<p><\/p>\n","protected":false},"excerpt":{"rendered":"<p>PROGRAMA\u00c7\u00c3O Fique por dentro de tudo que vai acontecer em nosso 43\u00ba Congresso Dia 03 &#8211; Sexta-feira14h &#8211; Devocional14h30min &#8211; Oficinas16h &#8211; Ensaio do Coro18h &#8211; Banho\/Jantar19h &#8211; Devocional19h30min &#8211; Recital21h &#8211; Ensaio do Coro Dia 04 &#8211; S\u00e1bado08h &#8211; &hellip; <a href=\"https:\/\/ambf.com.br\/congresso\/?page_id=62\">Conte\u00fado<\/a><\/p>\n","protected":false},"author":1,"featured_media":0,"parent":0,"menu_order":0,"comment_status":"open","ping_status":"closed","template":"","meta":{"kt_blocks_editor_width":"","footnotes":""},"class_list":["post-62","page","type-page","status-publish","hentry"],"_links":{"self":[{"href":"https:\/\/ambf.com.br\/congresso\/index.php?rest_route=\/wp\/v2\/pages\/62","targetHints":{"allow":["GET"]}}],"collection":[{"href":"https:\/\/ambf.com.br\/congresso\/index.php?rest_route=\/wp\/v2\/pages"}],"about":[{"href":"https:\/\/ambf.com.br\/congresso\/index.php?rest_route=\/wp\/v2\/types\/page"}],"author":[{"embeddable":true,"href":"https:\/\/ambf.com.br\/congresso\/index.php?rest_route=\/wp\/v2\/users\/1"}],"replies":[{"embeddable":true,"href":"https:\/\/ambf.com.br\/congresso\/index.php?rest_route=%2Fwp%2Fv2%2Fcomments&post=62"}],"version-history":[{"count":13,"href":"https:\/\/ambf.com.br\/congresso\/index.php?rest_route=\/wp\/v2\/pages\/62\/revisions"}],"predecessor-version":[{"id":1230,"href":"https:\/\/ambf.com.br\/congresso\/index.php?rest_route=\/wp\/v2\/pages\/62\/revisions\/1230"}],"wp:attachment":[{"href":"https:\/\/ambf.com.br\/congresso\/index.php?rest_route=%2Fwp%2Fv2%2Fmedia&parent=62"}],"curies":[{"name":"wp","href":"https:\/\/api.w.org\/{rel}","templated":true}]}}